. Let s = 168 - t. List the prime factors of s.
2, 7
Suppose 0 = -5*m - 3 + 78. Suppose 8*r - m = 5*r. Suppose 3 + r = 4*s. What are the prime factors of s?
2
Let x(o) = -2*o + 1. Let g(n) = -33*n - 14. Let b(r) = -2*g(r) - 22*x(r). What are the prime factors of b(2)?
2, 113
List the prime factors of (-1)/5 - (-82992)/210.
5, 79
Suppose -70 = -4*q - 2*r, q - r - 9 = 4. What are the prime factors of q?
2
Let b be -2 - -2 - (1 - 1). Suppose q + y - 33 = b, -4*y + 9 = -7. Suppose 4*c + 5*t - 2 = q, 0 = -c - 2*t + 4. List the prime factors of c.
2, 7
Let t(x) = 0*x + 15*x**2 - x + 0*x**2 + x**3 - 5*x**2 - 5. Let l be t(-10). Suppose -135 = -3*u + 4*v - 22, l*u + v = 196. List the prime factors of u.
3, 13
Let o(g) = 2*g**2 + 7*g + 12. Let t(q) = -3*q**2 - 10*q - 18. Let c(k) = -7*o(k) - 5*t(k). What are the prime factors of c(-6)?
2, 3
Let h(y) = -136*y + 237. What are the prime factors of h(-4)?
11, 71
Let v(j) = -4*j**2 - 5 + 5*j**2 - 2*j**2. Let m be v(0). Let i = m - -13. List the prime factors of i.
2
Let p = -26 - -31. Suppose 6*q = p*q + 60. List the prime factors of q.
2, 3, 5
Let l(z) = z**3 + 16*z**2 + 15*z + 8. What are the prime factors of l(-11)?
2, 7
Let f(q) = q**2 - 8*q - 14. Let k be f(7). What are the prime factors of (-112)/(-6) + 14/k?
2, 3
List the prime factors of 780 - 7/((-49)/14).
2, 17, 23
List the prime factors of 2/(-3) - 766/(-6).
127
Suppose 4*q = 5*z - 150, 2*q = 5*z - 2*z - 92. Let w = -15 + z. What are the prime factors of w?
19
List the prime factors of 5*42/35 + 1748.
2, 877
Let r(h) = h**2 - 3*h + 7. Let q = 43 - 36. What are the prime factors of r(q)?
5, 7
Suppose 466*i - 453*i = 33891. What are the prime factors of i?
3, 11, 79
Let v = -2160 - -4258. What are the prime factors of v?
2, 1049
Let q = -43 - -42. What are the prime factors of q*2 - (5 - 8)*27?
79
Let w(m) = -18*m - 11. Suppose 4*c - 32 = 4*b, 2*b - 6*c + 24 = -2*c. What are the prime factors of w(b)?
61
Suppose 5*n + 9*h = 4*h + 3970, 4*n + 3*h - 3181 = 0. List the prime factors of n.
17, 47
Let i(o) = -o**2 + 17*o + 1. Let v be i(13). What are the prime factors of 3*v + 8/(32/(-12))?
2, 3, 13
List the prime factors of 3 - (-803 + 2 - 1) - -3.
2, 101
Let j(g) = g**2 + g - 4. Let r(n) = n**3 + 3*n**2 + 2*n + 1. Let v be r(-3). Let d be j(v). Let o(y) = 3*y - 22. What are the prime factors of o(d)?
2, 13
Let m = 57 - 28. Suppose 4*w = 3 + m. List the prime factors of (-954)/(-24) + 2/w.
2, 5
Suppose 2*m - 4534 = 2*d, -3*m = -5*d - 1915 - 4894. What are the prime factors of m?
31, 73
Let k(j) = -j**2 + 17*j + 24. Let p be k(18). Suppose -p*d + 1295 = d. List the prime factors of d.
5, 37
Let h(r) = 98*r**2 - 7*r - 4. Let q(t) = -99*t**2 + 6*t + 3. Let m(v) = -4*h(v) - 5*q(v). What are the prime factors of m(1)?
2, 3, 17
Let g(d) = 2*d**3 - 9*d**2 + 2*d + 9. Let l be (6*1)/((-10)/(-10)). What are the prime factors of g(l)?
3, 43
Suppose -2*r - 16578 = -29*r. What are the prime factors of r?
2, 307
Suppose -3281 = -3*h + k + k, -4*k = -h + 1087. List the prime factors of h.
3, 5, 73
Let z(f) = -f + 7. Let r be z(3). Suppose -g = 4*n - 0*n - 61, n = r*g + 28. Let m = n - 14. List the prime factors of m.
2
Let h(k) = 5*k + 2. Let s be h(1). Suppose s*t - 181 = 295. What are the prime factors of t?
2, 17
Suppose 4*r - 6 - 14 = 0. Suppose 0 = -r*p + 5*z + 1005, 5*p - z - z = 996. List the prime factors of p.
2, 3, 11
Suppose s = s + 3*s. Suppose 31*n - 14*n - 3910 = s. What are the prime factors of n?
2, 5, 23
Let r(i) = 4*i - 16. Let j be r(13). Let p = 12 + j. List the prime factors of p.
2, 3
Let o(x) = 3*x**2 + 11*x + 23. List the prime factors of o(6).
197
Suppose 4*r = 3*m - 5, 0*m + 10 = 4*m - 2*r. Suppose -96 + 39 = -m*v. Let f = v + -4. List the prime factors of f.
3, 5
Let t(q) = 131*q + 29. List the prime factors of t(4).
7, 79
Let y(q) = 151*q**2 + 709*q + 2. What are the prime factors of y(-6)?
2, 37
Let o = -2468 - -3518. Suppose 0 = 11*y - 5*y - o. List the prime factors of y.
5, 7
Let o be 21/(-2)*16/24. Let q = o - 3. List the prime factors of 496/10 + q/(-25).
2, 5
Let w be (0 - (-21)/(-12))*-48. Let k be -1 + (-2*w)/(-2). Let s = 122 - k. What are the prime factors of s?
3, 13
Let f(s) = s**3 - 5*s**2 + 6*s - 1. Let q be f(4). Suppose 0 = -11*u + q*u. What are the prime factors of (0 - u) + 2 + 46?
2, 3
Let x be (6/(-7))/(1/(-7)). Suppose x*l - 282 = -66. List the prime factors of l.
2, 3
Suppose 4*b - 6*b + 80 = 0. Suppose -64 = -r + 5*x, -r + 2*x + b = 3*x. Let d = r + -29. What are the prime factors of d?
3, 5
Let y = 21 - 4. Let x = y - 13. What are the prime factors of x?
2
Let v(k) = k**2 + 12*k - 25. Suppose -3*o = -2*t + 49, -5*o - t = -o + 69. List the prime factors of v(o).
2, 3, 5
Let k(v) = -v**3 + v**2 - 12*v + 14. List the prime factors of k(-8).
2, 7
Let r(u) be the first derivative of u**4/4 - 2*u + 1. Let j be (6 - 5)*-1 - -3. What are the prime factors of r(j)?
2, 3
List the prime factors of (-7)/1*(17 - 49).
2, 7
Let s(m) = -m**2 + 48*m + 118. Let k be s(50). Let h = 32 - 13. Suppose h*z = k*z + 55. What are the prime factors of z?
5, 11
Suppose 0 = t + 3*z - 62, 255 + 7 = 5*t - z. Suppose t*v = 58*v - 755. List the prime factors of v.
151
Let h be -7*1/2*-10. Let q be (-15)/h - (-104)/14. Suppose 0 = 2*t - t - q. What are the prime factors of t?
7
Suppose -3*f - 30 = -8*f. Suppose -22 - 482 = -f*k. What are the prime factors of k?
2, 3, 7
Suppose 7 - 3 = m. Let a = -7 + 10. List the prime factors of 13 - (-2 - m)/a.
3, 5
Suppose -4*c = -4*p - 2964, -4*c - 2*p + p + 2979 = 0. Suppose -6*d + c = -2*d. Suppose -d = -5*t - 31. List the prime factors of t.
31
Let u(m) = m**2 - 33*m + 54. What are the prime factors of u(-27)?
2, 3, 31
Let w = -92 - -112. Let q be (2 + -4 + 1)*1. What are the prime factors of 815/w - q/4?
41
Let o = -28 - -67. List the prime factors of 4 + 0 + o + 17.
2, 3, 5
Let y(v) = 85*v**2 + 52*v + 267. What are the prime factors of y(-6)?
3, 5, 67
Suppose 13*o = 14*o - 7. Suppose o*p = 381 + 403. What are the prime factors of p?
2, 7
Suppose 0 = 7*a - 5*a - 6. Suppose a*l + 4*f = 9*f + 406, -2*f - 10 = 0. List the prime factors of l.
127
Let l = 1858 + -638. List the prime factors of l.
2, 5, 61
Let p be 5/30 - 199/6. Let g = -10 - p. List the prime factors of g.
23
Suppose -g = -n + 2*g - 10, -30 = -4*n - 2*g. Let u(f) = 2 + 0 + 5 - 7*f + 2*f**2. List the prime factors of u(n).
2, 11
Suppose -3*x + 2*b + 842 = 0, -2*x - x + 832 = -4*b. List the prime factors of x.
2, 71
Let r(u) = 24*u**2 + u. Suppose -2*d = -a + 7, -d - 3 = -a + 2. Suppose a*f = 4 - 7. List the prime factors of r(f).
23
Let i(m) = m**2 - 1. Let n(k) = -k**3 + 13*k**2 + k. Let b(o) = -3*i(o) + n(o). List the prime factors of b(10).
13
Let k(w) = -w**3 + 6*w**2 + 9*w - 15. Let h = 13 + 2. Let s = h + -9. List the prime factors of k(s).
3, 13
Let q be (12/10)/6 - 267/(-15). Suppose -23*r + 35 = -q*r. What are the prime factors of r?
7
Let j(h) = h**2 - 16*h + 14. Let r be j(15). Let v be r/(-3) - (-106)/6. Let i = v + -1. List the prime factors of i.
17
Let z(g) = -2*g**3 - 3*g - 2. Let c be z(-1). Suppose 2*k = -c*x + 809, x - 2*k - 2*k - 265 = 0. Suppose 5*t = 16 + x. List the prime factors of t.
3, 19
Suppose -3*s = -3*b + 618, -1241 = -6*b - 5*s - 38. List the prime factors of b.
7, 29
Let a = 36 + -33. Let o(i) = 9 - a*i**2 + 4*i - 9 + 4*i**2 - 4. What are the prime factors of o(-9)?
41
Suppose 0 = -50*q + 48*q + 6510. List the prime factors of q.
3, 5, 7, 31
Suppose 4*b = -3*k + 15, -k + 8 + 7 = 3*b. Suppose -c + 4*c = b. What are the prime factors of 2/(-4) + 41/c?
2, 5
Let w be 3/(-6)*-1 + 515/2. List the prime factors of (w/(-10))/((-3 - -5)/(-10)).
3, 43
Suppose 2*o - 4*o + 6 = 0. Suppose 4*i = 3*j + 29 + 257, 0 = -2*i - o*j + 134. List the prime factors of i.
2, 5, 7
Let c = 123 - -267. What are the prime factors of c?
2, 3, 5, 13
Let u(p) = p**2 + 6*p + 5. Let a be u(-6). Let o be 1 - -1 - (a - 123). Suppose 0*q + 5*q = -i + o, -q + 5*i = -50. What are the prime factors of q?
5
Suppose -c + 105 = 2*c. Let x be 3009/21 + (-10)/c. List the prime factors of 2310/x - 2/13.
2
Let a = 22 - 18. Suppose a*v = -2*s + 124, -2*s - 3*v + 3 = -126. List the prime factors of s.
2, 3
Let s(k) = k**2 + 16. Let z be s(12). Let p be (z/2